divided by s(-3)?
6
Suppose x - 3*x = 2*k - 1146, 0 = -2*x + 4*k + 1104. Calculate the remainder when x is divided by 103.
51
Let c(s) = 10*s**2 + 26*s - 18. What is the remainder when 2622 is divided by c(1)?
12
Let o(g) = 3*g**3 - 3*g**2 - 2*g + 4. Let r be o(2). Let j be 0 + 1 + r + 4/(-2). Suppose -j*s + 12*s - 77 = 0. Calculate the remainder when s is divided by 16.
13
Let u = 77 + -21. Let q = u - 49. Suppose -q*m + 9 = -6*m. What is the remainder when 60 is divided by m?
6
Suppose -5*v + 1460 = -5*t, 15*t - 856 = -3*v + 14*t. Calculate the remainder when v is divided by 97.
93
Suppose -579*x = -648*x + 100958 + 8683. Calculate the remainder when x is divided by 177.
173
Let k = 40 + 399. What is the remainder when k is divided by 110?
109
Suppose 0*c + 2630 - 2640 = -5*c. Suppose -6*g = 5*o - g - 445, -351 = -4*o - 3*g. Suppose -o = c*d - 132. Calculate the remainder when d is divided by 9.
6
Let z = -156 + 163. Suppose 4*m - 275 = 2*h - z*h, -3*h - 15 = 0. Calculate the remainder when m is divided by 11.
9
Let w(u) = -3*u**3 - 2*u**2 - 7*u - 6. Let v be w(-4). Suppose -2*q - v - 184 = 0. Let m = q + 312. Calculate the remainder when m is divided by 33.
30
Let x = -5305 - -5409. Calculate the remainder when 131 is divided by x.
27
Suppose -3*g + 39 + 34 = -2*a, 5*g + 4*a - 151 = 0. What is the remainder when 453 is divided by g?
21
Let p = 23 - 20. Suppose -36 = -n - p*n. Let c(g) = 3*g + 8. What is the remainder when n is divided by c(-1)?
4
Let v(h) = 6*h + 2. Let d(r) = -13*r - 4. Let k(z) = -3*d(z) - 7*v(z). Calculate the remainder when (-10080)/(-219) + (-2356)/85994 is divided by k(-5).
7
Let v = 2974 - 2946. What is the remainder when 236 is divided by v?
12
Suppose 259*l + 35*l + 1519 = -140*l + 34503. Let t = 1 + 2. Suppose t*d = -0*d + 48. What is the remainder when l is divided by d?
12
Let u = -1515 + 3241. Calculate the remainder when u is divided by 16.
14
Suppose 0 = a + 4*i - 1384, 0*i - 1389 = -a - 3*i. Calculate the remainder when a is divided by 44.
40
Suppose 0 = -5*j + 110 + 55. Let q be -1 - (1 + 1)/((-2)/71). Suppose q*i - 192 = 67*i. Calculate the remainder when i is divided by j.
31
Let g be ((-7)/((-21)/(-50)))/((-5)/(-15)). Let l = 59 + g. Calculate the remainder when (3 + 579/l)*(-6)/(-2) is divided by 51.
49
Let b(w) = -w**3 + 4*w**2 - 2*w. Let a be b(4). Let z(c) = c**2 + 6*c - 10. What is the remainder when -5*(-2)/4*(-112)/(-20) is divided by z(a)?
2
Let h(a) be the second derivative of a**5/2 - a**4/12 + a**3/3 + a + 35. What is the remainder when h(1) is divided by 5?
1
Suppose 0 = -2*x + x - 5*d + 82, 3*x = -2*d + 285. Calculate the remainder when 462 is divided by x.
74
Suppose 0 = 98*c - 115*c + 3757. Calculate the remainder when c is divided by 180/22 + ((-8)/(-44))/(-1).
5
Suppose 3*h - 239 = -4*r, -17*r - 156 = -2*h - 19*r. What is the remainder when 191 is divided by h?
45
Let p = 7999 + -2440. Calculate the remainder when p is divided by 139.
138
Let y = 991 + -263. Let k(q) = -3*q**3 + 155*q**2 + 47*q + 270. What is the remainder when y is divided by k(52)?
8
Let y = -72 - -166. Let b = 86 + 96. Suppose -7*x - 49 + b = 0. Calculate the remainder when y is divided by x.
18
Let k be 8*(-664)/16 - -7. Let n = k + 358. Calculate the remainder when 195 is divided by n.
30
Suppose b + 4*b - 605 = 0. Let j(h) = -7*h + 3. Suppose 0 - 8 = 2*v. Calculate the remainder when b is divided by j(v).
28
Suppose 104*g = -181*g + 58995. What is the remainder when 478 is divided by g?
64
Suppose -5*u = 2*d - 246, -4*d - u + 491 = -19. Let q(w) = 3*w**2 - 73*w - 335. What is the remainder when d is divided by q(-4)?
3
Let o(j) = 470*j - 1739. What is the remainder when 565 is divided by o(4)?
1
Let q(p) = 3*p**3 + 7*p**2 - 5*p + 9. Let r be q(5). Suppose 0 = 8*x - r - 562. What is the remainder when x is divided by 38?
23
Suppose n - 246 = 2*a, -5*n + 3*n - 3*a = -506. Calculate the remainder when 1742 is divided by n.
242
Suppose 6*h + 22*h = 55*h - 648. Calculate the remainder when (0 - -136)*1/2 is divided by h.
20
Let c(m) = 13*m**3 - 11*m + 22. What is the remainder when 253 is divided by c(2)?
45
Let b(w) be the first derivative of 5*w**3/3 - 4*w**2 + w + 75. Calculate the remainder when 269 is divided by b(2).
4
Let i(h) = 12*h**2 - 14*h - 20. Let w be i(-5). Calculate the remainder when (-6 - -6)/13 - w/(-1) is divided by 13.
12
Suppose 46*j = 39*j + 364. Let k(a) = -3*a - 4. Calculate the remainder when j is divided by k(-4).
4
Let l be 274/6*(-26 - -23). Let d = 180 + l. What is the remainder when 170 is divided by d?
41
Suppose 17*j = 75 + 5479 + 29330. Calculate the remainder when 2057 is divided by j.
5
Let p = 68 - 35. Suppose -3*l + z + 124 = 0, 2 = -4*z - 2. Suppose 4*v - l = -1. Calculate the remainder when p is divided by v.
3
Suppose 19*s - 278 = 17*s + 5*f, -5*f + 800 = 5*s. Calculate the remainder when 626 is divided by s.
10
Let i(w) = -241*w + 9006. What is the remainder when 386 is divided by i(37)?
30
Calculate the remainder when 328 is divided by 560/15 + (2 + -8 - 68/(-12)).
32
Suppose 3*a - 37 = k, 3*k = -4*a - 0*a + 32. Let o = a - 6. Suppose -o*m + 6*m - 86 = 0. Calculate the remainder when m is divided by 11.
9
Suppose 33*p = 5007 + 6180. Calculate the remainder when p is divided by 49.
45
Let o = -2359 + 2985. What is the remainder when o is divided by 18?
14
Suppose 0 = -4*o - f + 999, -4*o + f + 183 = -818. What is the remainder when o is divided by 74?
28
Let a = -32 - -198. Calculate the remainder when a is divided by 79.
8
Let v = -9 - -16. Suppose -v*x + 9*x - 6 = 0. Suppose -4*a - 2*c + 8 = -148, 0 = x*a - 3*c - 117. What is the remainder when a is divided by 14?
11
Let g = -6380 - -6544. What is the remainder when 1152 is divided by g?
4
What is the remainder when 15/315 + (-1028890)/(-105) is divided by 35?
34
What is the remainder when 2219 is divided by 6*((-1)/(-4))/(765/252 + -3)?
35
Let p = 74 - 5. Let x = 75 - p. Suppose 0*b - b - x = -4*t, 4 = -2*b. Calculate the remainder when 10 is divided by t.
0
Let h be (-18)/((-380)/(-124) + -3). Let o = -175 - h. Let d = o - 62. What is the remainder when d is divided by 16?
10
Let h be 4/(-6) - -214*(-1)/(-6). Let c = h - 9. Let q = 144 - c. Calculate the remainder when q is divided by 30.
28
What is the remainder when 2280/5*((-4)/4 + 8/6) is divided by 34?
16
Suppose -j = -4*l + 13, -3*j + 6*j = -5*l + 12. Suppose -12*g = -92 - 76. Calculate the remainder when g is divided by l.
2
Calculate the remainder when 2380/(2 - -3) - 0 - (-94 + 101) is divided by 15.
4
Let c = -2141 - -5102. What is the remainder when c is divided by 228?
225
Calculate the remainder when 212 is divided by ((-4794)/470)/(2/(-20)).
8
Let l(q) = 6*q**2 + 72*q + 499. What is the remainder when 1540 is divided by l(-11)?
241
Suppose 4*s - 2*b = 72, 90 = 778*s - 773*s + 5*b. Suppose 181 = 2*v - 753. What is the remainder when v is divided by s?
17
Suppose o - 6*j - 14 = -3*j, 3*o - 50 = j. Calculate the remainder when 253 is divided by o.
15
Suppose 5*v - 64 = 626. Suppose 9*r + 10 = 4*r, -4*n - r = -v. What is the remainder when n is divided by (18/15)/(2/20)?
11
Let c(d) be the second derivative of d**4/4 + 4*d**3/3 - 9*d**2/2 + 50*d. What is the remainder when 29 is divided by c(-5)?
3
Let r(i) = -237*i - 2365. Calculate the remainder when 242 is divided by r(-11).
0
Let o(l) = -22 - 5*l**2 + 14 + 15 + l**3 - l. Let a be o(5). Suppose 0 = 2*p + 3*p - a*z - 173, -2*p = -z - 69. What is the remainder when 103 is divided by p?
33
Suppose -2*g - 2*g + 388 = 0. Let f(z) = 3*z**2 + 115*z + 1 - 57*z - 57*z. Calculate the remainder when g is divided by f(-3).
22
Let u(k) = -2*k**2 + 111*k + 88. What is the remainder when u(53) is divided by 15?
8
Let k(u) = -u**2 - 24*u + 321. Calculate the remainder when 1751 is divided by k(-32).
61
Calculate the remainder when 5147 is divided by 41 + (3 - (6 + -1)) + 0.
38
Let v = -316 + 397. Suppose -5*n + 3*n + 630 = -5*i, -4*i - n = 504. Calculate the remainder when v is divided by (-6)/1*i/27.
25
Let r(y) = -y - 4. Let q be r(-6). Let t be (-995)/10 - (0 - 3/q). Calculate the remainder when 29 is divided by (-2)/6 + t*2/(-12).
13
Suppose 3*l - 4*p = -15, l = 3*l + 3*p - 7. Calculate the remainder when l/2*(-95 + -3